{"id":13,"date":"2023-11-21T20:49:37","date_gmt":"2023-11-21T19:49:37","guid":{"rendered":"https:\/\/onkologie-cottbus.de\/onkologie-haematologie-cottbus\/?page_id=13"},"modified":"2024-02-04T18:09:09","modified_gmt":"2024-02-04T17:09:09","slug":"aerztin","status":"publish","type":"page","link":"https:\/\/onkologie-cottbus.de\/onkologie-haematologie-cottbus\/aerztin\/","title":{"rendered":"\u00c4rztin"},"content":{"rendered":"\n<div class=\"wp-block-media-text is-stacked-on-mobile is-vertically-aligned-top\" style=\"grid-template-columns:20% auto\"><figure class=\"wp-block-media-text__media\"><img loading=\"lazy\" decoding=\"async\" width=\"150\" height=\"200\" src=\"https:\/\/onkologie-cottbus.de\/onkologie-haematologie-cottbus\/wp-content\/uploads\/2024\/01\/Gudrun-Schueler.png\" alt=\"\" class=\"wp-image-125 size-full\"\/><\/figure><div class=\"wp-block-media-text__content\">\n<p><strong>Gudrun Sch\u00fcler<\/strong><\/p>\n\n\n\n<ul class=\"wp-block-list\">\n<li>geboren 1975 in Cottbus<\/li>\n\n\n\n<li>Medizinstudium in Berlin (Freie Universit\u00e4t Berlin und Humboldt- Universit\u00e4t zu Berlin)<\/li>\n\n\n\n<li>2001 &#8211; Approbation<\/li>\n\n\n\n<li>T\u00e4tigkeit am Carl- Thiem- Klinikum Cottbus und Sana- Herzzentrum Cottbus<\/li>\n\n\n\n<li>2008 &#8211; Fach\u00e4rztin f\u00fcr Innere Medizin<\/li>\n\n\n\n<li>2011 &#8211; Fach\u00e4rztin f\u00fcr H\u00e4matologie und Onkologie<\/li>\n\n\n\n<li>seit 2012 &#8211; in der Schwerpunktpraxis H\u00e4matologie und Onkologie Cottbus<\/li>\n\n\n\n<li>bis 2017 &#8211; im Angestellten-Verh\u00e4ltnis bei Dr. von Gr\u00fcnhagen<\/li>\n\n\n\n<li>Juli 2017 \u00dcbernahme der Praxisnachfolge<\/li>\n<\/ul>\n<\/div><\/div>\n\n\n\n<div style=\"height:100px\" aria-hidden=\"true\" class=\"wp-block-spacer\"><\/div>\n","protected":false},"excerpt":{"rendered":"","protected":false},"author":1,"featured_media":175,"parent":0,"menu_order":0,"comment_status":"closed","ping_status":"closed","template":"","meta":{"footnotes":""},"class_list":["post-13","page","type-page","status-publish","has-post-thumbnail","hentry"],"_links":{"self":[{"href":"https:\/\/onkologie-cottbus.de\/onkologie-haematologie-cottbus\/wp-json\/wp\/v2\/pages\/13","targetHints":{"allow":["GET"]}}],"collection":[{"href":"https:\/\/onkologie-cottbus.de\/onkologie-haematologie-cottbus\/wp-json\/wp\/v2\/pages"}],"about":[{"href":"https:\/\/onkologie-cottbus.de\/onkologie-haematologie-cottbus\/wp-json\/wp\/v2\/types\/page"}],"author":[{"embeddable":true,"href":"https:\/\/onkologie-cottbus.de\/onkologie-haematologie-cottbus\/wp-json\/wp\/v2\/users\/1"}],"replies":[{"embeddable":true,"href":"https:\/\/onkologie-cottbus.de\/onkologie-haematologie-cottbus\/wp-json\/wp\/v2\/comments?post=13"}],"version-history":[{"count":6,"href":"https:\/\/onkologie-cottbus.de\/onkologie-haematologie-cottbus\/wp-json\/wp\/v2\/pages\/13\/revisions"}],"predecessor-version":[{"id":345,"href":"https:\/\/onkologie-cottbus.de\/onkologie-haematologie-cottbus\/wp-json\/wp\/v2\/pages\/13\/revisions\/345"}],"wp:featuredmedia":[{"embeddable":true,"href":"https:\/\/onkologie-cottbus.de\/onkologie-haematologie-cottbus\/wp-json\/wp\/v2\/media\/175"}],"wp:attachment":[{"href":"https:\/\/onkologie-cottbus.de\/onkologie-haematologie-cottbus\/wp-json\/wp\/v2\/media?parent=13"}],"curies":[{"name":"wp","href":"https:\/\/api.w.org\/{rel}","templated":true}]}}