{"id":59,"date":"2023-11-21T21:22:21","date_gmt":"2023-11-21T20:22:21","guid":{"rendered":"https:\/\/onkologie-cottbus.de\/onkologie-haematologie-cottbus\/?page_id=59"},"modified":"2024-01-29T18:07:59","modified_gmt":"2024-01-29T17:07:59","slug":"verhalten-mit-infekten","status":"publish","type":"page","link":"https:\/\/onkologie-cottbus.de\/onkologie-haematologie-cottbus\/verhalten-mit-infekten\/","title":{"rendered":"Verhalten mit Infekten"},"content":{"rendered":"\n<p>Wir behandeln in unserer Praxis stark durch Infekte gef\u00e4hrdete, schwer immungeschw\u00e4chte Menschen. Dies bedeutet, dass ein banaler Virusinfekt, der sich bei Ihnen durch einen leichten Schnupfen \u00e4u\u00dfert, bei diesen Patienten zu einer lebensbedrohlichen Infektion werden kann.<\/p>\n\n\n\n<p>Ich appelliere daher an gegenseitige R\u00fccksichtnahme und bitte Sie eindringlich, nicht in die Praxis zu kommen, wenn sie gerade einen Infekt haben. Bitte sprechen sie mit uns telefonisch oder per email das weitere Vorgehen ab. Sollte ein Termin nicht verschiebbar sein, haben wir so wenigstens die M\u00f6glichkeit, Vorsichtsma\u00dfnahmen zu treffen und andere Patienten und auch das Praxisteam zu sch\u00fctzen.<\/p>\n\n\n\n<p>Je nach allgemeiner Infektlage kann es auch n\u00f6tig sein, dass wir vor\u00fcbergehend eine FFP2-Masken-Pflicht wieder einf\u00fchren m\u00fcssen.<\/p>\n\n\n\n<p>Auch wenn dies Unannehmlichkeiten bedeutet, bedenken Sie, dass dies auch Ihrem Schutz dient.<br>Vielen Dank f\u00fcr Ihr Verst\u00e4ndnis.<\/p>\n\n\n\n<div style=\"height:100px\" aria-hidden=\"true\" class=\"wp-block-spacer\"><\/div>\n","protected":false},"excerpt":{"rendered":"<p>Wir behandeln in unserer Praxis stark durch Infekte gef\u00e4hrdete, schwer immungeschw\u00e4chte Menschen. Dies bedeutet, dass ein banaler Virusinfekt, der sich bei Ihnen durch einen leichten Schnupfen \u00e4u\u00dfert, bei diesen Patienten zu einer lebensbedrohlichen Infektion werden kann. Ich appelliere daher an gegenseitige R\u00fccksichtnahme und bitte Sie eindringlich, nicht in die Praxis zu kommen, wenn sie gerade [&hellip;]<\/p>\n","protected":false},"author":1,"featured_media":201,"parent":0,"menu_order":0,"comment_status":"closed","ping_status":"closed","template":"","meta":{"footnotes":""},"class_list":["post-59","page","type-page","status-publish","has-post-thumbnail","hentry"],"_links":{"self":[{"href":"https:\/\/onkologie-cottbus.de\/onkologie-haematologie-cottbus\/wp-json\/wp\/v2\/pages\/59","targetHints":{"allow":["GET"]}}],"collection":[{"href":"https:\/\/onkologie-cottbus.de\/onkologie-haematologie-cottbus\/wp-json\/wp\/v2\/pages"}],"about":[{"href":"https:\/\/onkologie-cottbus.de\/onkologie-haematologie-cottbus\/wp-json\/wp\/v2\/types\/page"}],"author":[{"embeddable":true,"href":"https:\/\/onkologie-cottbus.de\/onkologie-haematologie-cottbus\/wp-json\/wp\/v2\/users\/1"}],"replies":[{"embeddable":true,"href":"https:\/\/onkologie-cottbus.de\/onkologie-haematologie-cottbus\/wp-json\/wp\/v2\/comments?post=59"}],"version-history":[{"count":2,"href":"https:\/\/onkologie-cottbus.de\/onkologie-haematologie-cottbus\/wp-json\/wp\/v2\/pages\/59\/revisions"}],"predecessor-version":[{"id":322,"href":"https:\/\/onkologie-cottbus.de\/onkologie-haematologie-cottbus\/wp-json\/wp\/v2\/pages\/59\/revisions\/322"}],"wp:featuredmedia":[{"embeddable":true,"href":"https:\/\/onkologie-cottbus.de\/onkologie-haematologie-cottbus\/wp-json\/wp\/v2\/media\/201"}],"wp:attachment":[{"href":"https:\/\/onkologie-cottbus.de\/onkologie-haematologie-cottbus\/wp-json\/wp\/v2\/media?parent=59"}],"curies":[{"name":"wp","href":"https:\/\/api.w.org\/{rel}","templated":true}]}}